{"id":5079,"date":"2023-09-16T06:04:10","date_gmt":"2023-09-16T06:04:10","guid":{"rendered":"http:\/\/www.universparapharma.com\/?page_id=5079"},"modified":"2023-09-16T06:09:34","modified_gmt":"2023-09-16T06:09:34","slug":"suivi-reglementaire","status":"publish","type":"page","link":"https:\/\/www.universparapharma.com\/index.php\/suivi-reglementaire\/","title":{"rendered":"Suivi r\u00e9glementaire\u200b"},"content":{"rendered":"\t\t<div data-elementor-type=\"wp-page\" data-elementor-id=\"5079\" class=\"elementor elementor-5079\">\n\t\t\t\t\t\t\t<div class=\"elementor-element elementor-element-a57d256 e-flex e-con-boxed e-con e-parent\" data-id=\"a57d256\" data-element_type=\"container\" data-settings=\"{&quot;content_width&quot;:&quot;boxed&quot;}\" data-core-v316-plus=\"true\">\n\t\t\t\t\t<div class=\"e-con-inner\">\n\t\t<div class=\"elementor-element elementor-element-488ffb7 e-con-full e-flex e-con e-child\" data-id=\"488ffb7\" data-element_type=\"container\" data-settings=\"{&quot;content_width&quot;:&quot;full&quot;}\">\n\t\t\t\t<div class=\"elementor-element elementor-element-3ec76ba elementor-widget elementor-widget-image\" data-id=\"3ec76ba\" data-element_type=\"widget\" data-widget_type=\"image.default\">\n\t\t\t\t<div class=\"elementor-widget-container\">\n\t\t\t<style>\/*! elementor - v3.16.0 - 14-09-2023 *\/\n.elementor-widget-image{text-align:center}.elementor-widget-image a{display:inline-block}.elementor-widget-image a img[src$=\".svg\"]{width:48px}.elementor-widget-image img{vertical-align:middle;display:inline-block}<\/style>\t\t\t\t\t\t\t\t\t\t\t\t<img decoding=\"async\" loading=\"lazy\" width=\"400\" height=\"400\" src=\"https:\/\/www.universparapharma.com\/wp-content\/uploads\/2023\/09\/A3.jpg\" class=\"attachment-large size-large wp-image-5039\" alt=\"\" srcset=\"https:\/\/www.universparapharma.com\/wp-content\/uploads\/2023\/09\/A3.jpg 400w, https:\/\/www.universparapharma.com\/wp-content\/uploads\/2023\/09\/A3-300x300.jpg 300w, https:\/\/www.universparapharma.com\/wp-content\/uploads\/2023\/09\/A3-150x150.jpg 150w\" sizes=\"(max-width: 400px) 100vw, 400px\" \/>\t\t\t\t\t\t\t\t\t\t\t\t\t\t\t<\/div>\n\t\t\t\t<\/div>\n\t\t\t\t<\/div>\n\t\t<div class=\"elementor-element elementor-element-7a5e341 e-con-full e-flex e-con e-child\" data-id=\"7a5e341\" data-element_type=\"container\" data-settings=\"{&quot;content_width&quot;:&quot;full&quot;}\">\n\t\t\t\t<div class=\"elementor-element elementor-element-2785dcc elementor-widget elementor-widget-text-editor\" data-id=\"2785dcc\" data-element_type=\"widget\" data-widget_type=\"text-editor.default\">\n\t\t\t\t<div class=\"elementor-widget-container\">\n\t\t\t<style>\/*! elementor - v3.16.0 - 14-09-2023 *\/\n.elementor-widget-text-editor.elementor-drop-cap-view-stacked .elementor-drop-cap{background-color:#69727d;color:#fff}.elementor-widget-text-editor.elementor-drop-cap-view-framed .elementor-drop-cap{color:#69727d;border:3px solid;background-color:transparent}.elementor-widget-text-editor:not(.elementor-drop-cap-view-default) .elementor-drop-cap{margin-top:8px}.elementor-widget-text-editor:not(.elementor-drop-cap-view-default) .elementor-drop-cap-letter{width:1em;height:1em}.elementor-widget-text-editor .elementor-drop-cap{float:left;text-align:center;line-height:1;font-size:50px}.elementor-widget-text-editor .elementor-drop-cap-letter{display:inline-block}<\/style>\t\t\t\t<p>Toujours au plus pr\u00e8s des attentes de nos partenaires, nous vous proposons une assistance sur le plan r\u00e9glementaire et administratif, en lien direct avec le terrain.<\/p><ul class=\"vpm-liste\"><li>Nous vous aidons \u00e0 l\u2019enregistrement de nouveaux produits et renouvellement des enregistrements<\/li><li>Nous vous informons sur la l\u00e9gislation en vigueur dans la zone concern\u00e9e<\/li><li>Nous vous communiquons des suivis et rapports r\u00e9guliers des ventes grossistes, pharmacies, cliniques\u2026<\/li><\/ul>\t\t\t\t\t\t<\/div>\n\t\t\t\t<\/div>\n\t\t\t\t<\/div>\n\t\t\t\t\t<\/div>\n\t\t\t\t<\/div>\n\t\t\t\t\t\t\t<\/div>\n\t\t","protected":false},"excerpt":{"rendered":"<p>Toujours au plus pr\u00e8s des attentes de nos partenaires, nous vous proposons une assistance sur le plan r\u00e9glementaire et administratif, en lien direct avec le terrain. Nous vous aidons \u00e0 l\u2019enregistrement de nouveaux produits et renouvellement des enregistrements Nous vous informons sur la l\u00e9gislation en vigueur dans la zone concern\u00e9e Nous vous communiquons des suivis [&hellip;]<\/p>\n","protected":false},"author":1,"featured_media":0,"parent":0,"menu_order":0,"comment_status":"closed","ping_status":"closed","template":"","meta":{"footnotes":""},"_links":{"self":[{"href":"https:\/\/www.universparapharma.com\/index.php\/wp-json\/wp\/v2\/pages\/5079"}],"collection":[{"href":"https:\/\/www.universparapharma.com\/index.php\/wp-json\/wp\/v2\/pages"}],"about":[{"href":"https:\/\/www.universparapharma.com\/index.php\/wp-json\/wp\/v2\/types\/page"}],"author":[{"embeddable":true,"href":"https:\/\/www.universparapharma.com\/index.php\/wp-json\/wp\/v2\/users\/1"}],"replies":[{"embeddable":true,"href":"https:\/\/www.universparapharma.com\/index.php\/wp-json\/wp\/v2\/comments?post=5079"}],"version-history":[{"count":4,"href":"https:\/\/www.universparapharma.com\/index.php\/wp-json\/wp\/v2\/pages\/5079\/revisions"}],"predecessor-version":[{"id":5102,"href":"https:\/\/www.universparapharma.com\/index.php\/wp-json\/wp\/v2\/pages\/5079\/revisions\/5102"}],"wp:attachment":[{"href":"https:\/\/www.universparapharma.com\/index.php\/wp-json\/wp\/v2\/media?parent=5079"}],"curies":[{"name":"wp","href":"https:\/\/api.w.org\/{rel}","templated":true}]}}